{"id":41,"date":"2013-05-02T22:04:20","date_gmt":"2013-05-02T22:04:20","guid":{"rendered":"http:\/\/apacbc.wordpress.com\/?page_id=41"},"modified":"2013-05-02T22:04:20","modified_gmt":"2013-05-02T22:04:20","slug":"relaciones-con-otras-apas","status":"publish","type":"page","link":"https:\/\/apacbc.es\/apahistorico\/relaciones-con-otras-apas\/","title":{"rendered":"Relaciones con otras APAs"},"content":{"rendered":"<p><span style=\"color:#000000;\">Nuestra Asociaci\u00f3n pertenece a las siguientes agrupaciones, asistiendo a sus reuniones y actividades:<\/span><\/p>\n<p><span style=\"color:#008000;\"><a href=\"http:\/\/apabuenconsejo-madrid.es\/wp-content\/uploads\/2013\/05\/37abfb5d-af2c-4cac-8d04-25770f977f34.png\"><img loading=\"lazy\" decoding=\"async\" class=\"alignnone  wp-image-94\" src=\"http:\/\/apabuenconsejo-madrid.es\/wp-content\/uploads\/2013\/05\/37abfb5d-af2c-4cac-8d04-25770f977f34.png\" alt=\"37ABFB5D-AF2C-4CAC-8D04-25770F977F34\" width=\"69\" height=\"68\" \/><\/a>CONCAPA<\/span> <span style=\"color:#000000;\">Confederaci\u00f3n Cat\u00f3lica de Padres de Familia y Padres de Alumnos nace en 1929 para promover los intereses de la familia y lograr que sus hijos reciban, en la vida escolar, una formaci\u00f3n acorde con sus propias creencias y convicciones. En definitiva, se trata de fomentar la unidad y la participaci\u00f3n familia-escuela.<\/span><\/p>\n<p><span style=\"color:#000000;\">A partir de los a\u00f1os 70, con los cambios introducidos en la legislaci\u00f3n espa\u00f1ola y consiguientes repercusiones en el \u00e1mbito educativo, la Confederaci\u00f3n centra a\u00fan m\u00e1s su actividad en la educaci\u00f3n y la necesidad de que los padres participen de forma activa en la formaci\u00f3n de sus hijos.<\/span><\/p>\n<p>\u00a0<\/p>\n<p><span style=\"color:#000000;\">Pod\u00e9is seguir las actividades de<\/span> <span style=\"color:#008000;\">CONCAPA<\/span> <span style=\"color:#000000;\">en su p\u00e1gina web<\/span> <a title=\"p\u00e1gina web CONCAPA\" href=\"http:\/\/www.concapa.org\" target=\"_blank\" rel=\"noopener\">http:\/\/www.concapa.org<\/a>\u00a0<span style=\"color:#000000;\">y en facebook:<\/span> <a title=\"CONCAPA en facebook\" href=\"http:\/\/www.facebook.com\/concapa\" target=\"_blank\" rel=\"noopener\">http:\/\/www.facebook.com\/concapa<\/a><\/p>\n<p><a href=\"http:\/\/apabuenconsejo-madrid.es\/wp-content\/uploads\/2013\/05\/c088eec7-c2e3-4f7b-8313-cbf25f2c90b9.png\"><img loading=\"lazy\" decoding=\"async\" class=\"alignnone size-full wp-image-95\" src=\"http:\/\/apabuenconsejo-madrid.es\/wp-content\/uploads\/2013\/05\/c088eec7-c2e3-4f7b-8313-cbf25f2c90b9.png\" alt=\"C088EEC7-C2E3-4F7B-8313-CBF25F2C90B9\" width=\"102\" height=\"48\" \/><\/a><span style=\"color:#000000;\">Federaci\u00f3n Espa\u00f1ola de APAs de Colegios Agustinianos. Cerca de 50 asociaciones correspondientes a todos los colegios agustinianos de Espa\u00f1a forman nuestra gran Familia Agustiniana.\u00a0Queremos que este foro sirva para compartir las experiencias y las vivencias de nuestras asociaciones. En ella les invitamos a conocer lo que somos, quienes la conformamos, y les animamos a que participen con nosotros de las actividades que venimos llevando a cabo desde 1986, a\u00f1o de su constituci\u00f3n.<\/span><\/p>\n<p><span style=\"color:#000000;\">Pod\u00e9is seguir las actividades de FAGAPA en su p\u00e1gina web<\/span> <a title=\"p\u00e1gina web FAGAPA\" href=\"http:\/\/www.fagapa.es\" target=\"_blank\" rel=\"noopener\">http:\/\/www.fagapa.es<\/a> <span style=\"color:#000000;\">y en facebook:<\/span> <a title=\"FAGAPA en facebook\" href=\"http:\/\/es-la.facebook.com\/Fagapa\" target=\"_blank\" rel=\"noopener\">http:\/\/es-la.facebook.com\/Fagapa<\/a><\/p>\n\n\n<figure class=\"wp-block-image size-large is-resized\"><a href=\"https:\/\/apabuenconsejo-madrid.es\/wp-content\/uploads\/2021\/11\/encabezado4-removebg-preview-e1616596961442.png\"><img loading=\"lazy\" decoding=\"async\" src=\"https:\/\/apabuenconsejo-madrid.es\/wp-content\/uploads\/2021\/11\/encabezado4-removebg-preview-e1616596961442.png?w=250\" alt=\"\" class=\"wp-image-4066\" width=\"172\" height=\"65\" \/><\/a><\/figure>\n\n\n\n<p class=\"has-normal-font-size\" style=\"line-height:1.6;\">Federaci\u00f3n de AMPAS de Colegios Cat\u00f3licos de la Comunidad de Madrid. que nace para integrar las asociaciones de padres y madres de escuelas de inspiraci\u00f3n cat\u00f3lica de colegios de la Comunidad de Madrid. Una federaci\u00f3n que pretende cubrir un espacio actualmente no atendido, alzando la voz de los padres y madres que defienden la libertad para elegir la educaci\u00f3n que consideran m\u00e1s adecuada para sus hijos.<\/p>\n\n\n\n<p>Pod\u00e9is seguir las actividades de EDUCACI\u00d3N  Y FAMILIAS en su p\u00e1gina web https:\/\/www.educacionyfamilias.org\/<\/p>\n\n\n\n<p><\/p>\n","protected":false},"excerpt":{"rendered":"<p>Nuestra Asociaci\u00f3n pertenece a las siguientes agrupaciones, asistiendo a sus reuniones y actividades: CONCAPA Confederaci\u00f3n Cat\u00f3lica de Padres de Familia y Padres de Alumnos nace en 1929 para promover los intereses de la familia y lograr que sus hijos reciban, &hellip; <a href=\"https:\/\/apacbc.es\/apahistorico\/relaciones-con-otras-apas\/\">Sigue leyendo <span class=\"meta-nav\">&rarr;<\/span><\/a><\/p>\n","protected":false},"author":1,"featured_media":0,"parent":0,"menu_order":70,"comment_status":"closed","ping_status":"open","template":"","meta":{"footnotes":""},"class_list":["post-41","page","type-page","status-publish","hentry"],"_links":{"self":[{"href":"https:\/\/apacbc.es\/apahistorico\/wp-json\/wp\/v2\/pages\/41"}],"collection":[{"href":"https:\/\/apacbc.es\/apahistorico\/wp-json\/wp\/v2\/pages"}],"about":[{"href":"https:\/\/apacbc.es\/apahistorico\/wp-json\/wp\/v2\/types\/page"}],"author":[{"embeddable":true,"href":"https:\/\/apacbc.es\/apahistorico\/wp-json\/wp\/v2\/users\/1"}],"replies":[{"embeddable":true,"href":"https:\/\/apacbc.es\/apahistorico\/wp-json\/wp\/v2\/comments?post=41"}],"version-history":[{"count":0,"href":"https:\/\/apacbc.es\/apahistorico\/wp-json\/wp\/v2\/pages\/41\/revisions"}],"wp:attachment":[{"href":"https:\/\/apacbc.es\/apahistorico\/wp-json\/wp\/v2\/media?parent=41"}],"curies":[{"name":"wp","href":"https:\/\/api.w.org\/{rel}","templated":true}]}}

<p><span style="color:#000000;">Nuestra Asociación pertenece a las siguientes agrupaciones, asistiendo a sus reuniones y actividades:</span></p>
<p><span style="color:#008000;"><a href="http://apabuenconsejo-madrid.es/wp-content/uploads/2013/05/37abfb5d-af2c-4cac-8d04-25770f977f34.png"><img loading="lazy" decoding="async" class="alignnone  wp-image-94" src="http://apabuenconsejo-madrid.es/wp-content/uploads/2013/05/37abfb5d-af2c-4cac-8d04-25770f977f34.png" alt="37ABFB5D-AF2C-4CAC-8D04-25770F977F34" width="69" height="68" /></a>CONCAPA</span> <span style="color:#000000;">Confederación Católica de Padres de Familia y Padres de Alumnos nace en 1929 para promover los intereses de la familia y lograr que sus hijos reciban, en la vida escolar, una formación acorde con sus propias creencias y convicciones. En definitiva, se trata de fomentar la unidad y la participación familia-escuela.</span></p>
<p><span style="color:#000000;">A partir de los años 70, con los cambios introducidos en la legislación española y consiguientes repercusiones en el ámbito educativo, la Confederación centra aún más su actividad en la educación y la necesidad de que los padres participen de forma activa en la formación de sus hijos.</span></p>
<p> </p>
<p><span style="color:#000000;">Podéis seguir las actividades de</span> <span style="color:#008000;">CONCAPA</span> <span style="color:#000000;">en su página web</span> <a title="página web CONCAPA" href="http://www.concapa.org" target="_blank" rel="noopener">http://www.concapa.org</a> <span style="color:#000000;">y en facebook:</span> <a title="CONCAPA en facebook" href="http://www.facebook.com/concapa" target="_blank" rel="noopener">http://www.facebook.com/concapa</a></p>
<p><a href="http://apabuenconsejo-madrid.es/wp-content/uploads/2013/05/c088eec7-c2e3-4f7b-8313-cbf25f2c90b9.png"><img loading="lazy" decoding="async" class="alignnone size-full wp-image-95" src="http://apabuenconsejo-madrid.es/wp-content/uploads/2013/05/c088eec7-c2e3-4f7b-8313-cbf25f2c90b9.png" alt="C088EEC7-C2E3-4F7B-8313-CBF25F2C90B9" width="102" height="48" /></a><span style="color:#000000;">Federación Española de APAs de Colegios Agustinianos. Cerca de 50 asociaciones correspondientes a todos los colegios agustinianos de España forman nuestra gran Familia Agustiniana. Queremos que este foro sirva para compartir las experiencias y las vivencias de nuestras asociaciones. En ella les invitamos a conocer lo que somos, quienes la conformamos, y les animamos a que participen con nosotros de las actividades que venimos llevando a cabo desde 1986, año de su constitución.</span></p>
<p><span style="color:#000000;">Podéis seguir las actividades de FAGAPA en su página web</span> <a title="página web FAGAPA" href="http://www.fagapa.es" target="_blank" rel="noopener">http://www.fagapa.es</a> <span style="color:#000000;">y en facebook:</span> <a title="FAGAPA en facebook" href="http://es-la.facebook.com/Fagapa" target="_blank" rel="noopener">http://es-la.facebook.com/Fagapa</a></p>


<figure class="wp-block-image size-large is-resized"><a href="https://apabuenconsejo-madrid.es/wp-content/uploads/2021/11/encabezado4-removebg-preview-e1616596961442.png"><img loading="lazy" decoding="async" src="https://apabuenconsejo-madrid.es/wp-content/uploads/2021/11/encabezado4-removebg-preview-e1616596961442.png?w=250" alt="" class="wp-image-4066" width="172" height="65" /></a></figure>



<p class="has-normal-font-size" style="line-height:1.6;">Federación de AMPAS de Colegios Católicos de la Comunidad de Madrid. que nace para integrar las asociaciones de padres y madres de escuelas de inspiración católica de colegios de la Comunidad de Madrid. Una federación que pretende cubrir un espacio actualmente no atendido, alzando la voz de los padres y madres que defienden la libertad para elegir la educación que consideran más adecuada para sus hijos.</p>



<p>Podéis seguir las actividades de EDUCACIÓN  Y FAMILIAS en su página web https://www.educacionyfamilias.org/</p>



<p></p>

<p>Nuestra Asociación pertenece a las siguientes agrupaciones, asistiendo a sus reuniones y actividades: CONCAPA Confederación Católica de Padres de Familia y Padres de Alumnos nace en 1929 para promover los intereses de la familia y lograr que sus hijos reciban, &hellip; <a href="https://apacbc.es/apahistorico/relaciones-con-otras-apas/">Sigue leyendo <span class="meta-nav">&rarr;</span></a></p>
