{"id":448,"date":"2013-11-05T08:40:08","date_gmt":"2013-11-05T07:40:08","guid":{"rendered":"http:\/\/apabuenconsejo-madrid.es\/?page_id=448"},"modified":"2013-11-05T08:40:08","modified_gmt":"2013-11-05T07:40:08","slug":"publicaciones","status":"publish","type":"page","link":"https:\/\/apacbc.es\/apahistorico\/relaciones-con-otras-apas\/publicaciones\/","title":{"rendered":"Publicaciones"},"content":{"rendered":"<p><a href=\"http:\/\/apabuenconsejo-madrid.es\/wp-content\/uploads\/2013\/05\/37abfb5d-af2c-4cac-8d04-25770f977f34.png\"><img loading=\"lazy\" decoding=\"async\" class=\"alignleft size-full wp-image-94\" src=\"http:\/\/apabuenconsejo-madrid.es\/wp-content\/uploads\/2013\/05\/37abfb5d-af2c-4cac-8d04-25770f977f34.png\" alt=\"37ABFB5D-AF2C-4CAC-8D04-25770F977F34\" width=\"77\" height=\"75\" \/><\/a><\/p>\n<p><span style=\"color:#000000;\"><strong>CONCAPA y OMAEC-CEAAAEC<\/strong><\/span><br \/>\n<span style=\"color:#000000;\"><strong>PIDEN AMPARO<\/strong><\/span><br \/>\n<span style=\"color:#000000;\"><strong>A LA UNI\u00d3N EUROPEA POR LA LEY CELA\u00c1<\/strong><\/span><\/p>\n<p><span style=\"color:#000000;\">Nuevamente se vulneran derechos fundamentales. Tanto el partido del Gobierno -PSOE- como sus socios -UNIDAS PODEMOS- han votado en contra de las comparecencias y la participaci\u00f3n de las organizaciones y asociaciones de la comunidad educativa en la tramitaci\u00f3n parlamentaria de la LOMLOE (tambi\u00e9n llamada Ley Cela\u00e1), que se est\u00e1 llevando a cabo en el Congreso de los Diputados&#8230;<\/span> <a href=\"https:\/\/apabuenconsejo-madrid.es\/wp-content\/uploads\/2020\/10\/201016-np-nueva-negativa-comparecencias-y-adhesion-a-la-peticion-concapa-oamec-definitivo.pdf\" target=\"_blank\" rel=\"noopener\">LEER MAS<\/a><\/p>\n<p><strong><span class=\"il\">REVISTA CONCAPA<\/span> N\u00ba 72\u00a0 \u00a0enero-marzo 2019<\/strong><\/p>\n<p>La Confederaci\u00f3n Cat\u00f3lica Nacional de Padres de Familia y padres de Alumnos (<a title=\"CONCAPA\" href=\"http:\/\/www.concapa.org\/\" target=\"_blank\" rel=\"noopener\">CONCAPA<\/a>), acaba de publicar el \u00faltimo n\u00famero de su revista,<\/p>\n<p>Puedes descargarla pulsando sobre la imagen.<\/p>\n<p><a href=\"http:\/\/www.concapa.org\/content\/uploads\/2019\/03\/revista-concapa-72-web.pdf\" target=\"_blank\" rel=\"noopener\"><img loading=\"lazy\" decoding=\"async\" class=\"wp-image-3021 aligncenter\" src=\"https:\/\/apabuenconsejo-madrid.es\/wp-content\/uploads\/2019\/04\/concapa-72.jpg?w=222\" alt=\"\" width=\"200\" height=\"271\" \/><\/a><\/p>\n<p style=\"text-align:left;\"><strong>Declaraciones electoralistas sobre las donaciones<\/strong><\/p>\n<p>Madrid, 5 de febrero de 2019.- Ante las informaciones que est\u00e1n apareciendo en medios de comunicaci\u00f3n como consecuencia de las declaraciones de la ministra de Hacienda, Mar\u00eda Jes\u00fas Montero, en las que insta a la Agencia Tributaria a revisar la \u201clicitud\u201d y \u201cveracidad\u201d de las donaciones efectuadas por las familias a Fundaciones y Organizaciones Religiosas de un modo \u201cmasivo\u201d, desde\u00a0\u00a0<a title=\"CONCAPA\" href=\"http:\/\/www.concapa.org\/\" target=\"_blank\" rel=\"noopener\">CONCAPA<\/a> manifestamos:&#8230;<a href=\"http:\/\/www.concapa.org\/declaraciones-electoralistas-sobre-las-donaciones\/\">LEER M\u00c1S<\/a><\/p>\n<p><strong><span class=\"il\">REVISTA CONCAPA<\/span> N\u00ba 71\u00a0 \u00a0noviembre-diciembre 2018<\/strong><\/p>\n<p><a href=\"http:\/\/www.concapa.org\/content\/uploads\/2018\/11\/revista-concapa-71-WEB.pdf\" target=\"_blank\" rel=\"noopener\"><img loading=\"lazy\" decoding=\"async\" class=\"size-medium wp-image-3022 alignleft\" src=\"https:\/\/apabuenconsejo-madrid.es\/wp-content\/uploads\/2019\/04\/concapa-71.jpg?w=221\" alt=\"\" width=\"221\" height=\"300\" \/><\/a><\/p>\n<p>La Confederaci\u00f3n Cat\u00f3lica Nacional de Padres de Familia y padres de Alumnos (<a title=\"CONCAPA\" href=\"http:\/\/www.concapa.org\/\" target=\"_blank\" rel=\"noopener\">CONCAPA<\/a>), acaba de publicar el \u00faltimo n\u00famero de su revista,<\/p>\n<p>Puedes descargarla pulsando sobre la imagen.<\/p>\n<p><strong><span class=\"il\">REVISTA CONCAPA<\/span> N\u00ba 70\u00a0\u00a0\u00a0septiembre-octubre\u00a02018<\/strong><\/p>\n<p><a href=\"http:\/\/www.concapa.org\/content\/uploads\/2018\/11\/revista-concapa-71-WEB.pdf\" target=\"_blank\" rel=\"noopener\"><img loading=\"lazy\" decoding=\"async\" class=\"wp-image-2556 size-medium alignleft\" src=\"https:\/\/apabuenconsejo-madrid.es\/wp-content\/uploads\/2018\/01\/portada-revista-67.jpg?w=222&amp;h=300\" alt=\"\" width=\"222\" height=\"300\" \/><\/a><\/p>\n<p>La Confederaci\u00f3n Cat\u00f3lica Nacional de Padres de Familia y padres de Alumnos (<a title=\"CONCAPA\" href=\"http:\/\/www.concapa.org\/\" target=\"_blank\" rel=\"noopener\">CONCAPA<\/a>), acaba de publicar el \u00faltimo n\u00famero de su revista,<\/p>\n<p>Puedes descargarla pulsando sobre la imagen.<\/p>\n<p><strong><span class=\"il\">REVISTA CONCAPA<\/span> N\u00ba 69\u00a0\u00a0\u00a0abril-junio\u00a02018<\/strong><\/p>\n<p><a href=\"https:\/\/apabuenconsejo-madrid.es\/wp-content\/uploads\/2017\/10\/revista-concapa66-web.pdf\" target=\"_blank\" rel=\"noopener\"><img decoding=\"async\" class=\"alignleft\" src=\"https:\/\/i0.wp.com\/www.concapa.org\/content\/uploads\/2013\/08\/n66.jpg\" alt=\"n66\" \/><\/a><\/p>\n<p>La Confederaci\u00f3n Cat\u00f3lica Nacional de Padres de Familia y padres de Alumnos (<a title=\"CONCAPA\" href=\"http:\/\/www.concapa.org\/\" target=\"_blank\" rel=\"noopener\">CONCAPA<\/a>), acaba de publicar el \u00faltimo n\u00famero de su revista,<\/p>\n<p>Puedes descargarla pulsando sobre la imagen.<\/p>\n<p><strong><span class=\"il\">REVISTA CONCAPA<\/span> N\u00ba 68\u00a0\u00a0 enero-marzo\u00a02018<\/strong><\/p>\n<p><a href=\"http:\/\/www.concapa.org\/content\/uploads\/2016\/12\/revista-concapa63.pdf\" target=\"_blank\" rel=\"noopener\"><img loading=\"lazy\" decoding=\"async\" class=\"alignleft wp-image-2154\" src=\"https:\/\/apabuenconsejo-madrid.es\/wp-content\/uploads\/2016\/12\/concapa-63.jpg?w=200&amp;h=271\" alt=\"concapa-63\" width=\"200\" height=\"271\" \/><\/a>La Confederaci\u00f3n Cat\u00f3lica Nacional de Padres de Familia y padres de Alumnos (<a title=\"CONCAPA\" href=\"http:\/\/www.concapa.org\/\" target=\"_blank\" rel=\"noopener\">CONCAPA<\/a>), acaba de publicar el \u00faltimo n\u00famero de su revista, en la cual se menciona (p\u00e1g. 21) la Ceremonia de Clausura del XIV Certamen de Investigaci\u00f3n San Agust\u00edn, con la participaci\u00f3n de alumnos de nuestro colegio.<\/p>\n<p>Puedes descargarla pulsando sobre la imagen.<\/p>\n<p><strong><span class=\"il\">REVISTA CONCAPA<\/span> N\u00ba 67\u00a0 \u00a0noviembre-diciembre\u00a02017<\/strong><\/p>\n<p><span style=\"color:#000000;\"><a href=\"https:\/\/apabuenconsejo-madrid.es\/wp-content\/uploads\/2018\/01\/revista-concapa67web.pdf\" target=\"_blank\" rel=\"noopener\"><img loading=\"lazy\" decoding=\"async\" class=\"wp-image-2556 size-medium alignleft\" src=\"https:\/\/apabuenconsejo-madrid.es\/wp-content\/uploads\/2018\/01\/portada-revista-67.jpg?w=222\" alt=\"\" width=\"222\" height=\"300\" \/><\/a>La Confederaci\u00f3n Cat\u00f3lica Nacional de Padres de Familia y padres de Alumnos (<a title=\"CONCAPA\" href=\"http:\/\/www.concapa.org\/\" target=\"_blank\" rel=\"noopener\">CONCAPA<\/a>), acaba de publicar el \u00faltimo n\u00famero de su revista,\u00a0<\/span><\/p>\n<p><span style=\"color:#000000;\">Puedes descargarla pulsando sobre la imagen.<\/span><\/p>\n<p><strong><span class=\"il\">REVISTA CONCAPA<\/span> N\u00ba 66\u00a0 \u00a0septiembre-octubre\u00a02017<\/strong><\/p>\n<p><a href=\"https:\/\/apabuenconsejo-madrid.es\/wp-content\/uploads\/2017\/10\/revista-concapa66-web.pdf\" target=\"_blank\" rel=\"noopener\"><img decoding=\"async\" class=\"alignleft\" src=\"http:\/\/www.concapa.org\/content\/uploads\/2013\/08\/n66.jpg\" alt=\"n66\" \/><\/a><span style=\"color:#000000;\">La Confederaci\u00f3n Cat\u00f3lica Nacional de Padres de Familia y padres de Alumnos (<a title=\"CONCAPA\" href=\"http:\/\/www.concapa.org\/\" target=\"_blank\" rel=\"noopener\">CONCAPA<\/a>), acaba de publicar el \u00faltimo n\u00famero de su revista,\u00a0<\/span><\/p>\n<p><span style=\"color:#000000;\">Puedes descargarla pulsando sobre la imagen.<\/span><\/p>\n<p><strong><span class=\"il\">REVISTA CONCAPA<\/span> N\u00ba 63 \u00a0 noviembre-diciembre\u00a02016<\/strong><\/p>\n<p><span style=\"color:#000000;\"><a href=\"http:\/\/www.concapa.org\/content\/uploads\/2016\/12\/revista-concapa63.pdf\" target=\"_blank\" rel=\"noopener\"><img loading=\"lazy\" decoding=\"async\" class=\"alignleft wp-image-2154\" src=\"https:\/\/apabuenconsejo-madrid.es\/wp-content\/uploads\/2016\/12\/concapa-63.jpg?w=222\" alt=\"concapa-63\" width=\"200\" height=\"271\" \/><\/a>La Confederaci\u00f3n Cat\u00f3lica Nacional de Padres de Familia y padres de Alumnos (<a style=\"color:#000000;\" title=\"CONCAPA\" href=\"http:\/\/www.concapa.org\/\" target=\"_blank\" rel=\"noopener\">CONCAPA<\/a>), acaba de publicar el \u00faltimo n\u00famero de su revista, en la cual se menciona (p\u00e1g. 21) la Ceremonia de Clausura del XIV Certamen de Investigaci\u00f3n San Agust\u00edn, con la participaci\u00f3n de alumnos de nuestro colegio.<\/span><\/p>\n<p><span style=\"color:#000000;\">Puedes descargarla pulsando sobre la imagen.<\/span><\/p>\n<p><strong>LA CONCERTADA PRIMA LA ATENCI\u00d3N A ALUMNOS <\/strong><strong>CON<\/strong><strong> NECESIDADES EDUCATIVAS ESPECIALES<\/strong><\/p>\n<p><span style=\"color:#000000;\"><em>Madrid 6 de junio de 2016<\/em>&#8211; Un total de 34.544 ni\u00f1os con alg\u00fan tipo de discapacidad forman parte del sistema educativo. De ellos, casi la mitad (42,3%) son atendidos en la escuela concertada, un porcentaje que casi dobla al que le corresponder\u00eda por el n\u00famero de ni\u00f1os que escolariza (un 25,4% del total de alumnos).<\/span><\/p>\n<p><span style=\"color:#000000;\"> Estos datos, extra\u00eddos del \u00faltimo informe anual que emite el Ministerio de Educaci\u00f3n, Cultura y Deporte \u201cDatos y cifras. Curso escolar 2014\/2015\u201d, corroboran el car\u00e1cter social de la escuela concertada, el servicio que se lleva a cabo en sus aulas&#8230;.. <a href=\"http:\/\/www.concapa.org\/la-concertada-con-los-alumnos-con-necesidades-educativas-especiales\/\" target=\"_blank\" rel=\"noopener\">LEER M\u00c1S &gt;<\/a><\/span><\/p>\n<p><b><span class=\"il\">CONCAPA<\/span> APOYA LA REALIZACI\u00d3N DE LA PRUEBA DE 6\u00ba DE PRIMARIA<\/b><\/p>\n<p><span style=\"color:#000000;\">Madrid, 10 de mayo de 2016.- CONCAPA considera que es absolutamente imprescindible realizar la prueba de 6\u00ba de Primaria, una evaluaci\u00f3n objetiva, seria y rigurosa del sistema educativo. Uno de los problemas de la educaci\u00f3n espa\u00f1ola es precisamente que no hay posibilidad de tener indicadores a corto plazo que permitan valorar la efectividad de las medidas que se aplican en los centros educativos&#8230;. <a href=\"http:\/\/www.concapa.org\/la-concertada-con-los-alumnos-con-necesidades-educativas-especiales\/\" target=\"_blank\" rel=\"noopener\">LEER M\u00c1S &gt;<\/a><\/span><\/p>\n<p>VER ANEXO; <a href=\"http:\/\/www.concapa.org\/content\/uploads\/2016\/05\/160510-ANEXO-NP.pdf\">160510 ANEXO NP<\/a><\/p>\n<p><b><span lang=\"ES-TRAD\"><span class=\"il\">CONCAPA<\/span> SOLICITA A LOS PARTIDOS POL\u00cdTICOS ELEVAR LA INVERSI\u00d3N EN EDUCACI\u00d3N Y UNIVERSALIZARLA HASTA LOS 18 A\u00d1OS<\/span><\/b><\/p>\n<p><span style=\"color:#000000;\">CONCAPA, que representa a tres\u00a0 millones de familias, solicita a los diferentes partidos pol\u00edticos que se comprometan expresamente a elevar la inversi\u00f3n destinada actualmente a la educaci\u00f3n<\/span>&#8230; <a href=\"http:\/\/www.concapa.org\/pedimos-mas-inversion-educativa-y-universalizarla-hasta-los-18-anos\/\">LEER M\u00c1S <\/a><\/p>\n<p><a href=\"https:\/\/apabuenconsejo-madrid.es\/wp-content\/uploads\/2015\/10\/newsletter-informatica9-concapa.pdf\" target=\"_blank\" rel=\"noopener\">Newsletter REDES SOCIALES Y TIC&#8217;s &#8211; n\u00ba 9 Octubre 2015<\/a><\/p>\n<p><strong>A FAVOR DE LOS DEBERES Y DE LOS EX\u00c1MENES DE JUNIO Y SEPTIEMBRE<\/strong><\/p>\n<p><span style=\"color:#000000;\"><em>Madrid, 28 de Septiembre de 2015.-<\/em> Para CONCAPA, que representa a m\u00e1s de tres millones de familias, los deberes escolares resultan imprescindibles para fijar y asentar las materias explicadas en clase, si bien es preciso que se coordinen adecuadamente entre los profesores, y que sean graduados y proporcionados a las edades, potencialidades y necesidades de los alumnos<a href=\"http:\/\/www.concapa.org\/a-favor-de-los-deberes-y-de-los-examenes-de-junio-y-septiembre\/\" target=\"_blank\" rel=\"noopener\">&#8230;.LEER MAS<\/a><\/span><\/p>\n<p><span style=\"color:#000000;\">CONCAPA\u00a0ha elaborado\u00a0nuevos materiales para padres. Se trata de una gu\u00eda para padres de adolescentes titulada \u00abPrimeras salidas nocturnas\u00bb y una \u00abGuia para padres sobre la cocaina\u00bb. Puedes descargarlas aqui <\/span><\/p>\n<p><span style=\"color:#000000;\"><a title=\"Primeras salidas nocturnas\" href=\"http:\/\/www.concapa.org\/content\/uploads\/2014\/07\/Primeras-salidas-2014.pdf\" target=\"_blank\" rel=\"noopener\"><img decoding=\"async\" src=\"http:\/\/www.concapa.org\/content\/uploads\/2014\/07\/Primeras-salidas-2014-1-300x300.jpg\" alt=\"Primeras-salidas-2014-1\" \/><\/a>\u00a0\u00a0<a title=\"Gu\u00eda Coca\u00edna\" href=\"http:\/\/www.concapa.org\/content\/uploads\/2014\/07\/Gu%C3%ADa-COCA%C3%8DNA.pdf\" target=\"_blank\" rel=\"noopener\"><img decoding=\"async\" src=\"http:\/\/www.concapa.org\/content\/uploads\/2014\/07\/Gu%C3%ADa-COCA%C3%8DNA-1-212x300.jpg\" alt=\"Gu\u00eda-COCA\u00cdNA-1\" \/><\/a><\/span><\/p>\n<p>Descarga ahora el \u00faltimo n\u00famero de la revista Concapa (Enero-Marzo de 2015):<\/p>\n<p><a href=\"http:\/\/www.concapa.org\/content\/uploads\/2015\/03\/web-marzo-2015.pdf\" target=\"_blank\" rel=\"noopener\"><img loading=\"lazy\" decoding=\"async\" class=\"alignnone wp-image-1486 size-medium\" src=\"http:\/\/www.concapa.org\/content\/uploads\/2015\/03\/Revista-marzo-2015-1-220x300.jpg\" alt=\"MONTAJE final marzo 15_Montaje seguido marzo 07.qxd\" width=\"220\" height=\"300\" \/><\/a><\/p>\n<p><span style=\"color:#000000;\"><span style=\"font-family:'Arial', 'sans-serif';font-size:14pt;\">CONCAPA REALIZA UNA PROPUESTA DE PACTO SOCIAL POR LA EDUCACI\u00d3N EN SU XX CONGRESO NACIONAL<\/span><br \/>\n<\/span><br \/>\n<span style=\"color:#000000;\">Madrid, 20 de octubre de 2014.- CONCAPA, en su Congreso Nacional, que ha tenido lugar del 16 al 19 de octubre en la ciudad de Alicante bajo el lema \u201cResponsables de la Educaci\u00f3n\u201d, ha elaborado un\u00a0documento de \u201c<strong>Propuestas para un Pacto Social Educativo<\/strong>\u201d, del que destacamos &#8230; <a title=\"CONCAPA pide un pacto social\" href=\"http:\/\/www.concapa.org\/concapa-pide-un-pacto-social\/\" target=\"_blank\" rel=\"noopener\">LEER M\u00c1S &gt;<\/a><\/span><\/p>\n<p><b><span class=\"il\">CONCAPA<\/span> EXIGE RESPONSABILIDADES A RAJOY POR SU INCUMPLIMIENTO ELECTORAL<\/b><\/p>\n<p><span style=\"color:#000000;\">Madrid, 24 de septiembre de 2014.- CONCAPA expresa su decepci\u00f3n, disgusto y disconformidad con la decisi\u00f3n del presidente de Gobierno, Mariano Rajoy, que con la retirada de la llamada Ley del Aborto&#8230; <a href=\"http:\/\/www.concapa.org\/pedimos-responsabilidades-por-la-retirada-de-la-ley-del-aborto\/\" target=\"_blank\" rel=\"noopener\">LEER M\u00c1S<\/a><\/span><\/p>\n<p><b><span class=\"il\">CONCAPA<\/span> FELICITA A LA COMUNIDAD DE MADRID POR LA NUEVA ASIGNATURA DE ESO: PROGRAMACI\u00d3N<\/b><\/p>\n<p><span style=\"color:#000000;\"><i>Madrid, 4 de septiembre de 2014.-<\/i> <span class=\"il\">CONCAPA<\/span> felicita al Gobierno de la Comunidad de Madrid por su apuesta por la mejora educativa, expresada en esta ocasi\u00f3n en la implantaci\u00f3n durante toda la ESO\u00a0de una iniciativa original:..<a href=\"https:\/\/apabuenconsejo-madrid.es\/wp-content\/uploads\/2014\/09\/140904-np-nueva-asignatura-en-la-cam.pdf\" target=\"_blank\" rel=\"noopener\">.LEER MAS<\/a><\/span><\/p>\n<p><strong>PRESENTACI\u00d3N DEL CUARTO ESTUDIO DEL CO<a href=\"http:\/\/apabuenconsejo-madrid.es\/wp-content\/uploads\/2014\/05\/concapa-barometro.png\"><img loading=\"lazy\" decoding=\"async\" class=\"alignright size-thumbnail wp-image-955\" src=\"http:\/\/apabuenconsejo-madrid.es\/wp-content\/uploads\/2014\/05\/concapa-barometro.png?w=150\" alt=\"Concapa-barometro\" width=\"150\" height=\"72\" \/><\/a>NCAPA BAR\u00d3METRO SOBRE EDUCACI\u00d3N Y FAMILIA<br \/>\n<\/strong><\/p>\n<p><em>2<span style=\"color:#000000;\">2 de Julio de 2014<\/span><\/em><span style=\"color:#000000;\">.- Esta ma\u00f1ana ha sido presentado en Rueda de Prensa el 4\u00ba Estudio del CONCAPA BAR\u00d3METRO (C-B). En esta ocasi\u00f3n, han colaborado EF (Education First) y Master-D (Certificaciones Inform\u00e1ticas Internacionales).<br \/>\nLos temas objeto de esta encuesta han sido: la valoraci\u00f3n del<b>\u00a0estudio de idiomas<\/b>, la incidencia de la\u00a0<b>crisis econ\u00f3mica\u00a0<\/b>en la familia, o la\u00a0<b>sociedad y la familia<\/b>.<br \/>\nAlgunas conclusiones&#8230;<a title=\"Conclusiones \" href=\"http:\/\/www.concapa.org\/wp-content\/uploads\/2014\/07\/140722-CONCLUSIONES-4CONCAPA-BAR%C3%93METRO.pdf\" target=\"_blank\" rel=\"noopener\">LEER MAS<\/a><\/span><\/p>\n<p><span style=\"color:#000000;\">Podeis<\/span>\u00a0<strong>descargar el informe completo<\/strong>:\u00a0<a title=\"CONCAPA-BAROMETRO 4 Julio 2014\" href=\"http:\/\/www.concapa.org\/wp-content\/uploads\/2014\/07\/CONCAPA-BAROMETRO-4-Julio-2014.pdf\" target=\"_blank\" rel=\"noopener\"><span style=\"color:#128529;\">CONCAPA-BAR\u00d3METRO 4 Julio 2014<\/span><\/a><\/p>\n<p><strong>LOS PADRES A FAVOR DE LA LEY DEL ALCOHOL QUE PREPARA EL GOBIERNO<\/strong><\/p>\n<p><span style=\"color:#000000;\"><em>Madrid, 16 de julio de 2014.-<\/em> La Ley del Alcohol que actualmente prepara el Gobierno prev\u00e9 la prohibici\u00f3n absoluta al consumo y venta de bebidas alcoh\u00f3licas a menores de edad en todo el Estado, una necesidad&#8230;<a title=\"Los padres a favor de la ley del alcohol\" href=\"http:\/\/www.concapa.org\/los-padres-en-apoyo-de-la-ley-del-alcohol-del-gobierno\/\" target=\"_blank\" rel=\"noopener\">LEER MAS\u00a0\u00a0<\/a><\/span><\/p>\n<p><strong>CONCAPA PIDE QUE SE IMPARTA CULTURA FINANCIERA EN LA ESCUELA<\/strong><\/p>\n<p><span style=\"color:#000000;\">Madrid, 14 de julio de 2014.- CONCAPA, tras la presentaci\u00f3n del \u00faltimo Informe PISA que indica que Espa\u00f1a est\u00e1 tambi\u00e9n por debajo de la media de la OCDE en cuanto a habilidades financieras de los estudiantes de 15 a\u00f1os, pide&#8230;<a title=\"Cultura financiera en la escuela\" href=\"http:\/\/www.concapa.org\/pedimos-cultura-financiera-en-la-escuela\/\" target=\"_blank\" rel=\"noopener\">LEER MAS<\/a><\/span><a title=\"Cultura financiera en la escuela\" href=\"http:\/\/www.concapa.org\/pedimos-cultura-financiera-en-la-escuela\/\" target=\"_blank\" rel=\"noopener\">\u00a0<\/a><\/p>\n<p><strong><span style=\"color:#000000;\">D<\/span><\/strong><strong><span style=\"color:#000000;\">escarga ahora el \u00faltimo n\u00famero<\/span><\/strong><strong><span style=\"color:#000000;\">\u00a0de la revista Concapa (Abril\u2013Junio 2014):<\/span><\/strong><\/p>\n<p><a title=\"Revista CONCAPA Abril-Junio 2014\" href=\"https:\/\/apabuenconsejo-madrid.es\/wp-content\/uploads\/2014\/07\/revista-concapa-junio-2014.pdf\" target=\"_blank\" rel=\"noopener\"><strong><span style=\"color:#000000;\"><img loading=\"lazy\" decoding=\"async\" class=\"aligncenter wp-image-1086 size-thumbnail\" src=\"http:\/\/apabuenconsejo-madrid.es\/wp-content\/uploads\/2014\/07\/revista-concapa-junio-2014.jpg?w=110\" alt=\"revista CONCAPA junio 2014\" width=\"110\" height=\"150\" \/><\/span><\/strong><\/a><\/p>\n<p><strong>ACUERDO EN\u00a0EL CONSEJO ESCOLAR DEL ESTADO SOBRE\u00a0LIBROS DE TEXTO<\/strong><\/p>\n<p><span style=\"color:#000000;\">2 de junio de 2014.- La Comisi\u00f3n Permanente del Consejo Escolar del Estado ha aprobado una propuesta dirigida al Ministerio de Educaci\u00f3n para avanzar en la mejora de la eficiencia y en un sistema&#8230;<a title=\"ACUERDO EN EL CONSEJO ESCOLAR DEL ESTADO SOBRE LIBROS DE TEXTO\" href=\"http:\/\/www.concapa.org\/acuerdo-en-el-consejo-escolar-del-estado-sobre-libros-de-texto\/\" target=\"_blank\" rel=\"noopener\">LEER MAS\u00a0<\/a><\/span><\/p>\n<p><strong><span style=\"color:#000000;\">Descarga la revista Concapa (Enero \u2013 Marzo de 2014):<\/span><\/strong><\/p>\n<p><a title=\"Revista CONCAPA Ene-marzo 2014\" href=\"http:\/\/apabuenconsejo-madrid.es\/wp-content\/uploads\/2014\/04\/revista-concapa-nc2ba-54-enero-marzo-2014.pdf\" target=\"_blank\" rel=\"noopener\"><img loading=\"lazy\" decoding=\"async\" class=\"alignnone size-thumbnail wp-image-922\" src=\"http:\/\/apabuenconsejo-madrid.es\/wp-content\/uploads\/2014\/04\/revista-concapa-enero-marzo2014-220x300.jpg?w=110\" alt=\"Revista CONCAPA enero-marzo2014-220x300\" width=\"110\" height=\"150\" \/><\/a><\/p>\n<p><a title=\"Newsletter REDES SOCIALES Y TIC's n\u00ba 5\" href=\"http:\/\/apabuenconsejo-madrid.es\/wp-content\/uploads\/2014\/02\/newsletter-informatica5-concapa.pdf\" target=\"_blank\" rel=\"noopener\">Newsletter REDES SOCIALES Y TIC&#8217;s &#8211; n\u00ba\u00a05\u00a0Enero 2014<\/a><\/p>\n<p><a href=\"http:\/\/apabuenconsejo-madrid.es\/wp-content\/uploads\/2013\/11\/newsletter-informatica4-concapa1.pdf\" target=\"_blank\" rel=\"noopener\">Newsletter REDES SOCIALES Y TIC&#8217;s &#8211; n\u00ba 4 Octubre 2013<\/a><\/p>\n","protected":false},"excerpt":{"rendered":"<p>CONCAPA y OMAEC-CEAAAEC PIDEN AMPARO A LA UNI\u00d3N EUROPEA POR LA LEY CELA\u00c1 Nuevamente se vulneran derechos fundamentales. Tanto el partido del Gobierno -PSOE- como sus socios -UNIDAS PODEMOS- han votado en contra de las comparecencias y la participaci\u00f3n de &hellip; <a href=\"https:\/\/apacbc.es\/apahistorico\/relaciones-con-otras-apas\/publicaciones\/\">Sigue leyendo <span class=\"meta-nav\">&rarr;<\/span><\/a><\/p>\n","protected":false},"author":1,"featured_media":0,"parent":41,"menu_order":72,"comment_status":"closed","ping_status":"closed","template":"","meta":{"footnotes":""},"class_list":["post-448","page","type-page","status-publish","hentry"],"_links":{"self":[{"href":"https:\/\/apacbc.es\/apahistorico\/wp-json\/wp\/v2\/pages\/448"}],"collection":[{"href":"https:\/\/apacbc.es\/apahistorico\/wp-json\/wp\/v2\/pages"}],"about":[{"href":"https:\/\/apacbc.es\/apahistorico\/wp-json\/wp\/v2\/types\/page"}],"author":[{"embeddable":true,"href":"https:\/\/apacbc.es\/apahistorico\/wp-json\/wp\/v2\/users\/1"}],"replies":[{"embeddable":true,"href":"https:\/\/apacbc.es\/apahistorico\/wp-json\/wp\/v2\/comments?post=448"}],"version-history":[{"count":0,"href":"https:\/\/apacbc.es\/apahistorico\/wp-json\/wp\/v2\/pages\/448\/revisions"}],"up":[{"embeddable":true,"href":"https:\/\/apacbc.es\/apahistorico\/wp-json\/wp\/v2\/pages\/41"}],"wp:attachment":[{"href":"https:\/\/apacbc.es\/apahistorico\/wp-json\/wp\/v2\/media?parent=448"}],"curies":[{"name":"wp","href":"https:\/\/api.w.org\/{rel}","templated":true}]}}